.
198
Calculate the greatest common divisor of 19835745 and 1653780.
9615
What is the greatest common factor of 5424 and 48964?
4
Calculate the highest common factor of 589240729 and 59.
59
Calculate the highest common divisor of 30 and 643320.
30
Calculate the highest common divisor of 1160 and 86068172.
116
What is the greatest common divisor of 133400 and 24104?
184
Calculate the highest common divisor of 1133076 and 9772.
28
What is the greatest common divisor of 268533811 and 5642?
2821
What is the greatest common factor of 9915 and 33109490?
3305
Calculate the greatest common divisor of 2 and 438680908.
2
Calculate the greatest common divisor of 2900742 and 416.
26
Calculate the greatest common factor of 595659110 and 310.
310
What is the greatest common divisor of 1967376 and 11526?
102
Calculate the highest common divisor of 382 and 3405530.
382
What is the highest common factor of 142329332 and 2204?
116
Calculate the greatest common factor of 139663 and 9.
1
Calculate the greatest common divisor of 33467350 and 5.
5
What is the greatest common divisor of 8939937 and 114?
57
What is the greatest common factor of 95460380 and 40?
20
What is the greatest common factor of 995128390 and 15068?
7534
Calculate the highest common divisor of 216 and 5020677.
27
What is the greatest common factor of 449172 and 43632?
108
What is the highest common factor of 1462586790 and 105?
105
Calculate the greatest common factor of 82040 and 35840.
280
What is the highest common divisor of 14260 and 3411860?
620
Calculate the highest common divisor of 19186824 and 864.
24
Calculate the greatest common divisor of 450272773 and 54872.
6859
Calculate the highest common factor of 109473992 and 43417.
3947
Calculate the greatest common divisor of 194436 and 176796.
36
Calculate the highest common factor of 52 and 23772086.
26
What is the greatest common factor of 45758 and 481966?
274
What is the highest common divisor of 2424 and 352214472?
2424
What is the greatest common divisor of 1848 and 2211825?
231
Calculate the greatest common factor of 388 and 13124197.
97
What is the highest common factor of 118727 and 597688679?
16961
What is the greatest common factor of 51751 and 4214?
7
What is the highest common divisor of 84 and 1977056?
4
Calculate the greatest common factor of 49 and 2625959.
49
Calculate the highest common factor of 15824 and 740982536.
7912
Calculate the greatest common divisor of 108021651 and 188.
47
What is the greatest common factor of 1165646 and 4142?
218
What is the highest common divisor of 805910 and 93692?
794
Calculate the highest common divisor of 9583 and 4117323.
259
What is the greatest common factor of 405 and 28632285?
405
What is the greatest common divisor of 236 and 54667099?
59
What is the highest common divisor of 21 and 7611513?
21
Calculate the highest common factor of 402 and 107580426.
402
Calculate the greatest common divisor of 4071255 and 20435.
335
Calculate the highest common divisor of 10423614 and 36.
6
Calculate the greatest common divisor of 924 and 9837168.
132
Calculate the highest common factor of 33565 and 3912405.
245
Calculate the greatest common divisor of 659732 and 65228.
92
What is the highest common factor of 15 and 26170145?
5
Calculate the greatest common factor of 5194 and 6704182.
106
Calculate the highest common divisor of 104754 and 2886.
78
Calculate the greatest common divisor of 2492307 and 153.
9
What is the highest common divisor of 119121 and 10443?
177
Calculate the greatest common divisor of 172601015 and 262.
131
What is the highest common divisor of 20459019 and 735?
147
What is the highest common divisor of 1012882 and 956?
478
Calculate the greatest common factor of 36 and 4824452.
4
What is the highest common divisor of 1117432 and 21896?
184
What is the highest common factor of 39691776 and 1536?
1536
What is the highest common factor of 2712 and 67527896?
904
What is the highest common factor of 13344604 and 8554?
182
Calculate the highest common divisor of 3850 and 501634.
14
What is the greatest common factor of 17351404 and 574?
14
Calculate the highest common factor of 481 and 23059621.
481
Calculate the highest common divisor of 2714844 and 2355.
471
What is the greatest common divisor of 1369815 and 420?
15
What is the highest common divisor of 92395 and 12835?
85
Calculate the greatest common factor of 1397601 and 3441.
111
What is the greatest common factor of 326942 and 119467?
193
What is the greatest common divisor of 2693062 and 1073477?
2677
What is the highest common divisor of 17654 and 38220?
182
Calculate the greatest common factor of 208868 and 9999.
1111
Calculate the greatest common factor of 2517798217 and 11.
11
Calculate the highest common factor of 171 and 19538289.
171
What is the highest common divisor of 35264 and 297540?
2204
What is the highest common factor of 62496 and 3150?
126
What is the greatest common divisor of 546 and 477624966?
546
What is the highest common factor of 1544 and 1493656?
8
Calculate the greatest common factor of 1106734 and 298258.
1514
Calculate the greatest common factor of 84 and 23587060.
28
What is the greatest common divisor of 665755 and 2000?
5
Calculate the greatest common factor of 2030 and 73980508.
406
Calculate the highest common factor of 531706 and 22.
2
What is the greatest common factor of 13412467 and 57466?
487
What is the greatest common divisor of 6453899 and 5029?
47
Calculate the greatest common divisor of 59442 and 316.
2
What is the highest common factor of 35 and 11958380?
35
Calculate the greatest common divisor of 210 and 14022015.
105
Calculate the highest common divisor of 1492645 and 415800.
385
Calculate the highest common divisor of 210 and 978313.
7
What is the highest common divisor of 325736 and 490808?
152
What is the highest common factor of 80 and 5816208?
16
Calculate the highest common divisor of 38264083 and 143.
143
What is the highest common divisor of 474231210 and 30?
30
Calculate the greatest common factor of 96 and 17688096.
96
Calculate the greatest common factor of 3848848 and 8.
8
What is the highest common divisor of 53796 and 522216?
12
What is the greatest common divisor of 40 and 132215530?
10
Calculate the greatest common factor of 110473 and 63910.
913
Calculate the greatest common divisor of 20724 and 35871.
33
What is the highest common factor of 624161806 and 6586?
6586
Calculate the greatest common factor of 1170 and 10200255.
195
Calculate the greatest common divisor of 49 and 7098994.
7
What is the greatest common divisor of 5614 and 249319?
7
What is the highest common divisor of 30 and 4687490?
10
Calculate the highest common factor of 119 and 2315689.
17
Calculate the greatest common divisor of 12368 and 464288.
16
What is the highest common divisor of 255 and 1333551?
3
What is the highest common factor of 1554 and 57151606?
74
What is the highest common divisor of 641711 and 574?
7
Calculate the greatest common divisor of 94540516 and 69428.
4084
Calculate the greatest common factor of 66606096 and 96.
48
Calculate the highest common divisor of 132561 and 2509.
13
Calculate the highest common factor of 2622708 and 5772.
444
What is the highest common divisor of 576270 and 19570?
190
Calculate the highest common divisor of 923 and 36210071.
71
Calculate the greatest common factor of 2020822 and 46.
2
Calculate the highest common divisor of 746559178 and 142.
142
What is the greatest common factor of 8472 and 1870968?
24
What is the greatest common divisor of 54306677 and 2?
1
What is the highest common divisor of 20788438 and 561?
11
What is the greatest common divisor of 2098140 and 1834572?
3468
What is the greatest common divisor of 5267 and 451588?
229
What is the greatest common factor of 136970 and 11630?
10
Calculate the highest common factor of 11474580 and 94705.
3055
Calculate the highest common divisor of 17169412 and 104.
52
What is the greatest common divisor of 3718606 and 93648?
3902
Calculate the greatest common factor of 8503947 and 162.
81
Calculate the greatest common factor of 19426729 and 35.
7
Calculate the highest common divisor of 780 and 492542310.
390
What is the greatest common divisor of 72501 and 17699?
11
What is the hig